{"id":1092,"date":"2025-08-03T16:01:46","date_gmt":"2025-08-03T14:01:46","guid":{"rendered":"https:\/\/mariehebbelynckphotographie.com\/?page_id=1092"},"modified":"2025-08-05T16:44:36","modified_gmt":"2025-08-05T14:44:36","slug":"tarifs","status":"publish","type":"page","link":"https:\/\/mariehebbelynckphotographie.com\/index.php\/tarifs\/","title":{"rendered":"Tarifs"},"content":{"rendered":"\n<div class=\"wp-block-group alignfull has-base-background-color has-background has-global-padding is-layout-constrained wp-container-core-group-layout-3 wp-block-group-is-layout-constrained\" style=\"margin-top:0;margin-bottom:0;padding-top:var(--wp--preset--spacing--superbspacing-xxlarge);padding-right:var(--wp--preset--spacing--superbspacing-small);padding-bottom:var(--wp--preset--spacing--superbspacing-xxlarge);padding-left:var(--wp--preset--spacing--superbspacing-small)\">\n<div class=\"wp-block-cover alignwide\" style=\"border-radius:8px;padding-top:var(--wp--preset--spacing--superbspacing-xxlarge);padding-right:var(--wp--preset--spacing--superbspacing-medium);padding-bottom:var(--wp--preset--spacing--superbspacing-xxlarge);padding-left:var(--wp--preset--spacing--superbspacing-medium)\"><span aria-hidden=\"true\" class=\"wp-block-cover__background has-background-dim-20 has-background-dim\"><\/span><img loading=\"lazy\" decoding=\"async\" width=\"2560\" height=\"1707\" class=\"wp-block-cover__image-background wp-image-955\" alt=\"\" src=\"http:\/\/mariehebbelynckphotographie.com\/wp-content\/uploads\/2025\/07\/IMG_2621-scaled.jpeg\" data-object-fit=\"cover\" srcset=\"https:\/\/mariehebbelynckphotographie.com\/wp-content\/uploads\/2025\/07\/IMG_2621-scaled.jpeg 2560w, https:\/\/mariehebbelynckphotographie.com\/wp-content\/uploads\/2025\/07\/IMG_2621-300x200.jpeg 300w, https:\/\/mariehebbelynckphotographie.com\/wp-content\/uploads\/2025\/07\/IMG_2621-1024x683.jpeg 1024w, https:\/\/mariehebbelynckphotographie.com\/wp-content\/uploads\/2025\/07\/IMG_2621-768x512.jpeg 768w, https:\/\/mariehebbelynckphotographie.com\/wp-content\/uploads\/2025\/07\/IMG_2621-1536x1024.jpeg 1536w, https:\/\/mariehebbelynckphotographie.com\/wp-content\/uploads\/2025\/07\/IMG_2621-2048x1365.jpeg 2048w\" sizes=\"(max-width: 2560px) 100vw, 2560px\" \/><div class=\"wp-block-cover__inner-container has-global-padding is-layout-constrained wp-container-core-cover-layout-1 wp-block-cover-is-layout-constrained\">\n<div class=\"wp-block-group has-global-padding is-layout-constrained wp-container-core-group-layout-1 wp-block-group-is-layout-constrained\">\n<h5 class=\"wp-block-heading has-text-align-center has-contrast-light-color has-text-color has-superbfont-xxlarge-font-size\">Les formules<\/h5>\n<\/div>\n\n\n\n<div class=\"wp-block-group has-contrast-light-background-color has-background has-global-padding is-layout-constrained wp-container-core-group-layout-2 wp-block-group-is-layout-constrained\" style=\"border-radius:8px;padding-top:var(--wp--preset--spacing--superbspacing-xsmall);padding-right:var(--wp--preset--spacing--superbspacing-small);padding-bottom:var(--wp--preset--spacing--superbspacing-xsmall);padding-left:var(--wp--preset--spacing--superbspacing-small)\">\n<div class=\"wp-block-columns are-vertically-aligned-center is-layout-flex wp-container-core-columns-layout-1 wp-block-columns-is-layout-flex\">\n<div class=\"wp-block-column is-vertically-aligned-center is-layout-flow wp-block-column-is-layout-flow\" style=\"flex-basis:100%\">\n<p class=\"has-text-align-center has-contrast-dark-color has-text-color has-superbfont-xsmall-font-size\"><em>Portrait professionnel, atelier en action, cr\u00e9ation en cours ou projet \u00e0 long terme, <\/em><br><em>je vous accompagne sur le terrain pour capter l\u2019essence de votre travail. <br><br>Mes formules s\u2019ont l\u00e0 pour vous guider, mais elles peuvent s\u2019adapter \u00e0 vos besoins sp\u00e9cifiques: dur\u00e9e, lieu, nombre de personnes\u2026 <\/em><br><br><em>Je suis au service de votre projet <\/em><\/p>\n<\/div>\n<\/div>\n<\/div>\n<\/div><\/div>\n<\/div>\n\n\n\n<div class=\"wp-block-group alignfull has-global-padding is-layout-constrained wp-container-core-group-layout-9 wp-block-group-is-layout-constrained\" style=\"margin-top:0;margin-bottom:0;padding-top:var(--wp--preset--spacing--superbspacing-xxlarge);padding-right:var(--wp--preset--spacing--superbspacing-small);padding-bottom:var(--wp--preset--spacing--superbspacing-xxlarge);padding-left:var(--wp--preset--spacing--superbspacing-small)\">\n<div class=\"wp-block-columns alignwide is-layout-flex wp-container-core-columns-layout-2 wp-block-columns-is-layout-flex\">\n<div class=\"wp-block-column is-layout-flow wp-block-column-is-layout-flow\" style=\"flex-basis:40%\">\n<h2 class=\"wp-block-heading has-text-align-left has-contrast-color has-text-color has-superbfont-xlarge-font-size\">A vous de choisir<\/h2>\n<\/div>\n\n\n\n<div class=\"wp-block-column is-layout-flow wp-block-column-is-layout-flow\">\n<div class=\"wp-block-group has-global-padding is-layout-constrained wp-container-core-group-layout-5 wp-block-group-is-layout-constrained\">\n<div class=\"wp-block-group has-global-padding is-layout-constrained wp-block-group-is-layout-constrained\" style=\"border-left-color:var(--wp--preset--color--primary);border-left-width:4px;padding-left:var(--wp--preset--spacing--superbspacing-xxsmall)\">\n<p class=\"has-text-align-left has-secondary-color has-text-color has-superbfont-small-font-size\">Des besoins particuliers ou un projet atypique? N\u2019h\u00e9sitez pas \u00e0 me contacter, nous pouvons imaginer une formule sur mesure.<\/p>\n<\/div>\n<\/div>\n<\/div>\n<\/div>\n\n\n\n<div class=\"wp-block-columns alignwide is-layout-flex wp-container-core-columns-layout-3 wp-block-columns-is-layout-flex\">\n<div class=\"wp-block-column is-vertically-aligned-center is-layout-flow wp-container-core-column-layout-4 wp-block-column-is-layout-flow\">\n<figure class=\"wp-block-image aligncenter size-large has-custom-border\"><img loading=\"lazy\" decoding=\"async\" width=\"1024\" height=\"683\" src=\"http:\/\/mariehebbelynckphotographie.com\/wp-content\/uploads\/2024\/01\/IMG_9958-1-edited-1024x683.jpeg\" alt=\"\" class=\"wp-image-575\" style=\"border-radius:8px;object-fit:cover\" srcset=\"https:\/\/mariehebbelynckphotographie.com\/wp-content\/uploads\/2024\/01\/IMG_9958-1-edited-1024x683.jpeg 1024w, https:\/\/mariehebbelynckphotographie.com\/wp-content\/uploads\/2024\/01\/IMG_9958-1-edited-300x200.jpeg 300w, https:\/\/mariehebbelynckphotographie.com\/wp-content\/uploads\/2024\/01\/IMG_9958-1-edited-768x512.jpeg 768w, https:\/\/mariehebbelynckphotographie.com\/wp-content\/uploads\/2024\/01\/IMG_9958-1-edited-1536x1024.jpeg 1536w, https:\/\/mariehebbelynckphotographie.com\/wp-content\/uploads\/2024\/01\/IMG_9958-1-edited-2048x1365.jpeg 2048w\" sizes=\"(max-width: 1024px) 100vw, 1024px\" \/><\/figure>\n\n\n\n<div class=\"wp-block-group has-global-padding is-layout-constrained wp-container-core-group-layout-6 wp-block-group-is-layout-constrained\">\n<h3 class=\"wp-block-heading has-text-align-center has-contrast-dark-color has-text-color has-superbfont-small-font-size\">Essentiel<br>150\u20ac<\/h3>\n\n\n\n<p class=\"has-text-align-center has-primary-color has-text-color has-superbfont-small-font-size\"><strong>25 photos HD retouch\u00e9es incluses<\/strong><\/p>\n\n\n\n<ul>\n<li class=\"has-superbfont-xsmall-font-size\">Id\u00e9al pour un petit atelier, une s\u00e9ance d\u2019\u00e9change avec un client, un portrait professionnel dans un environnement de travail.<\/li>\n\n\n\n<li class=\"has-superbfont-xsmall-font-size\">Convient aussi \u00e0 une mini s\u00e9ance de pr\u00e9sentation de votre activit\u00e9.<\/li>\n<\/ul>\n\n\n\n<p class=\"has-superbfont-xxsmall-font-size\">\u23f1\ufe0f <em>1 heure sur place<br>\ud83d\udcf7 S\u00e9lection de 25 photos livr\u00e9es<\/em><\/p>\n<\/div>\n<\/div>\n\n\n\n<div class=\"wp-block-column is-vertically-aligned-center is-layout-flow wp-container-core-column-layout-5 wp-block-column-is-layout-flow\">\n<figure class=\"wp-block-image aligncenter size-large has-custom-border\"><img loading=\"lazy\" decoding=\"async\" width=\"1024\" height=\"682\" src=\"http:\/\/mariehebbelynckphotographie.com\/wp-content\/uploads\/2024\/01\/IMG_9785-1024x682.jpeg\" alt=\"\" class=\"wp-image-207\" style=\"border-radius:8px;object-fit:cover\" srcset=\"https:\/\/mariehebbelynckphotographie.com\/wp-content\/uploads\/2024\/01\/IMG_9785-1024x682.jpeg 1024w, https:\/\/mariehebbelynckphotographie.com\/wp-content\/uploads\/2024\/01\/IMG_9785-300x200.jpeg 300w, https:\/\/mariehebbelynckphotographie.com\/wp-content\/uploads\/2024\/01\/IMG_9785-768x512.jpeg 768w, https:\/\/mariehebbelynckphotographie.com\/wp-content\/uploads\/2024\/01\/IMG_9785-508x339.jpeg 508w, https:\/\/mariehebbelynckphotographie.com\/wp-content\/uploads\/2024\/01\/IMG_9785.jpeg 1052w\" sizes=\"(max-width: 1024px) 100vw, 1024px\" \/><\/figure>\n\n\n\n<div class=\"wp-block-group has-global-padding is-layout-constrained wp-container-core-group-layout-7 wp-block-group-is-layout-constrained\">\n<h3 class=\"wp-block-heading has-text-align-center has-contrast-color has-text-color has-superbfont-small-font-size\">Reportage + <br>290 \u20ac<\/h3>\n\n\n\n<p class=\"has-text-align-center has-primary-color has-text-color has-superbfont-small-font-size\"><strong>50 photos HD retouch\u00e9es incluses<\/strong><\/p>\n\n\n\n<ul>\n<li class=\"has-superbfont-xsmall-font-size\">Parfait pour documenter un atelier complet, une s\u00e9ance client, ou pour r\u00e9aliser un reportage complet sur votre activit\u00e9.<\/li>\n\n\n\n<li class=\"has-superbfont-xsmall-font-size\">Plus de diversit\u00e9 dans les prises de vue: portraits, gestes m\u00e9tier, d\u00e9tails, ambiance du lieu<\/li>\n<\/ul>\n\n\n\n<p class=\"has-superbfont-xxsmall-font-size\">\u23f1\ufe0f <em>2 heures sur place<br>\ud83d\udcf7 S\u00e9lection de 50 photos livr\u00e9es<\/em><\/p>\n<\/div>\n<\/div>\n\n\n\n<div class=\"wp-block-column is-vertically-aligned-center is-layout-flow wp-container-core-column-layout-6 wp-block-column-is-layout-flow\">\n<figure class=\"wp-block-image aligncenter size-large has-custom-border\"><img loading=\"lazy\" decoding=\"async\" width=\"1024\" height=\"683\" src=\"http:\/\/mariehebbelynckphotographie.com\/wp-content\/uploads\/2024\/01\/IMG_6577-1-1024x683.jpeg\" alt=\"\" class=\"wp-image-124\" style=\"border-radius:8px;object-fit:cover\" srcset=\"https:\/\/mariehebbelynckphotographie.com\/wp-content\/uploads\/2024\/01\/IMG_6577-1-1024x683.jpeg 1024w, https:\/\/mariehebbelynckphotographie.com\/wp-content\/uploads\/2024\/01\/IMG_6577-1-300x200.jpeg 300w, https:\/\/mariehebbelynckphotographie.com\/wp-content\/uploads\/2024\/01\/IMG_6577-1-768x512.jpeg 768w, https:\/\/mariehebbelynckphotographie.com\/wp-content\/uploads\/2024\/01\/IMG_6577-1-1536x1024.jpeg 1536w, https:\/\/mariehebbelynckphotographie.com\/wp-content\/uploads\/2024\/01\/IMG_6577-1-2048x1365.jpeg 2048w, https:\/\/mariehebbelynckphotographie.com\/wp-content\/uploads\/2024\/01\/IMG_6577-1-1240x827.jpeg 1240w, https:\/\/mariehebbelynckphotographie.com\/wp-content\/uploads\/2024\/01\/IMG_6577-1-508x339.jpeg 508w\" sizes=\"(max-width: 1024px) 100vw, 1024px\" \/><\/figure>\n\n\n\n<div class=\"wp-block-group has-global-padding is-layout-constrained wp-container-core-group-layout-8 wp-block-group-is-layout-constrained\">\n<h3 class=\"wp-block-heading has-text-align-center has-contrast-color has-text-color has-superbfont-small-font-size\">Immersion<br>430 \u20ac<\/h3>\n\n\n\n<p class=\"has-text-align-center has-primary-color has-text-color has-superbfont-small-font-size\"><strong>80 photos HD retouch\u00e9es incluses<\/strong><\/p>\n\n\n\n<ul>\n<li class=\"has-superbfont-xsmall-font-size\">Id\u00e9al pour une immersion prolong\u00e9e dans votre activit\u00e9, sur plusieurs lieux ou moments cl\u00e9s.<\/li>\n\n\n\n<li class=\"has-superbfont-xsmall-font-size\">Adapt\u00e9 pour les artisans en action: cr\u00e9ation, \u00e9change client, coulisses, diff\u00e9rents postes de travail. <\/li>\n\n\n\n<li class=\"has-superbfont-xsmall-font-size\">Pour les structures qui accueillent du public (atelier, stage, \u00e9v\u00e9nements\u2026)<\/li>\n<\/ul>\n\n\n\n<p class=\"has-superbfont-xxsmall-font-size\">\u23f1\ufe0f <em>3 heures sur place<br>\ud83d\udcf7 S\u00e9lection de 80 photos livr\u00e9es<\/em><\/p>\n<\/div>\n<\/div>\n<\/div>\n\n\n\n<div class=\"wp-block-buttons is-content-justification-center is-layout-flex wp-container-core-buttons-layout-1 wp-block-buttons-is-layout-flex\">\n<div class=\"wp-block-button\"><a class=\"wp-block-button__link has-text-align-center wp-element-button\" href=\"https:\/\/mariehebbelynckphotographie.com\/index.php\/contact\/\">Contactez-moi<\/a><\/div>\n<\/div>\n<\/div>\n\n\n\n<div class=\"wp-block-group has-mono-4-background-color has-background has-global-padding is-content-justification-left is-layout-constrained wp-container-core-group-layout-11 wp-block-group-is-layout-constrained\" style=\"border-radius:8px;padding-top:var(--wp--preset--spacing--superbspacing-medium);padding-right:var(--wp--preset--spacing--superbspacing-medium);padding-bottom:var(--wp--preset--spacing--superbspacing-medium);padding-left:var(--wp--preset--spacing--superbspacing-medium)\">\n<hr class=\"wp-block-separator has-alpha-channel-opacity is-style-wide\" style=\"margin-top:0;margin-bottom:0\"\/>\n\n\n\n<div class=\"wp-block-group has-global-padding is-layout-constrained wp-container-core-group-layout-10 wp-block-group-is-layout-constrained\">\n<h3 class=\"wp-block-heading has-text-align-left has-contrast-color has-text-color has-alegreya-font-family has-superbfont-medium-font-size\">Frais de d\u00e9placement<\/h3>\n\n\n\n<ul>\n<li class=\"has-superbfont-xsmall-font-size\">Offerts dans un rayon de 15km autour d\u2019Yssingeaux (43200)<\/li>\n\n\n\n<li class=\"has-superbfont-xsmall-font-size\">Au del\u00e0: 0,50\u20ac\/km (aller-retour)<\/li>\n<\/ul>\n\n\n\n<h3 class=\"wp-block-heading has-text-align-left has-contrast-color has-text-color has-alegreya-font-family has-superbfont-medium-font-size\">Livraison<\/h3>\n\n\n\n<ul>\n<li class=\"has-superbfont-xsmall-font-size\">Toutes les photos livr\u00e9es sont s\u00e9lectionn\u00e9es et post-trait\u00e9es avec soin<\/li>\n\n\n\n<li class=\"has-superbfont-xsmall-font-size\">Galerie priv\u00e9e en ligne, t\u00e9l\u00e9chargeable en HD<\/li>\n\n\n\n<li class=\"has-superbfont-xsmall-font-size\">Droit d\u2019usage web et print inclus<\/li>\n<\/ul>\n\n\n\n<hr class=\"wp-block-separator has-alpha-channel-opacity is-style-wide\"\/>\n\n\n\n<div style=\"height:33px\" aria-hidden=\"true\" class=\"wp-block-spacer\"><\/div>\n\n\n\n<figure class=\"wp-block-image aligncenter size-large is-resized\"><img loading=\"lazy\" decoding=\"async\" width=\"1024\" height=\"683\" src=\"https:\/\/mariehebbelynckphotographie.com\/wp-content\/uploads\/2025\/08\/IMG_7087-1024x683.jpeg\" alt=\"\" class=\"wp-image-1135\" style=\"width:845px;height:auto\" srcset=\"https:\/\/mariehebbelynckphotographie.com\/wp-content\/uploads\/2025\/08\/IMG_7087-1024x683.jpeg 1024w, https:\/\/mariehebbelynckphotographie.com\/wp-content\/uploads\/2025\/08\/IMG_7087-300x200.jpeg 300w, https:\/\/mariehebbelynckphotographie.com\/wp-content\/uploads\/2025\/08\/IMG_7087-768x512.jpeg 768w, https:\/\/mariehebbelynckphotographie.com\/wp-content\/uploads\/2025\/08\/IMG_7087-1536x1024.jpeg 1536w, https:\/\/mariehebbelynckphotographie.com\/wp-content\/uploads\/2025\/08\/IMG_7087-2048x1365.jpeg 2048w\" sizes=\"(max-width: 1024px) 100vw, 1024px\" \/><\/figure>\n\n\n\n<div style=\"height:33px\" aria-hidden=\"true\" class=\"wp-block-spacer\"><\/div>\n\n\n\n<h3 class=\"wp-block-heading has-text-align-left has-contrast-color has-text-color has-alegreya-font-family has-superbfont-medium-font-size\">Ce que vous payez, c\u2019est bien plus qu\u2019une photo<\/h3>\n\n\n\n<p class=\"has-contrast-dark-color has-text-color has-link-color has-superbfont-xsmall-font-size wp-elements-54e6e1bf9da78dc7b51d4b9fcc276cad\"><br><em>Comme pour un artisan ou un chef, le prix ne refl\u00e8te pas seulement le temps de fabrication, mais aussi les ann\u00e9es d\u2019exp\u00e9rience, la qualit\u00e9 des outils, et tout ce qui rend le r\u00e9sultat unique.<\/em><\/p>\n\n\n\n<ul class=\"has-mono-2-color has-text-color has-link-color wp-elements-dd7a7cba42d991579598b80f6e8c111a\">\n<li class=\"has-superbfont-xsmall-font-size\"><strong>Le temps <\/strong>de prise de vue sur place (1h, 2h ou 3h selon la formule choisie).<\/li>\n\n\n\n<li class=\"has-superbfont-xsmall-font-size\"><strong> La s\u00e9lection rigoureuse<\/strong> des meilleures images, parmi des dizaines (parfois des centaines) de photos prises.<\/li>\n\n\n\n<li class=\"has-superbfont-xsmall-font-size\"><strong>Le post-traitement individuel<\/strong> de chaque photo livr\u00e9e (colorim\u00e9trie, recadrage, contraste, lumi\u00e8re\u2026), pour un rendu soign\u00e9 et coh\u00e9rent.<\/li>\n\n\n\n<li class=\"has-superbfont-xsmall-font-size\"><strong>La mise en ligne<\/strong> et l\u2019abonnement \u00e0 la galerie priv\u00e9e, en HD, facile \u00e0 consulter et \u00e0 t\u00e9l\u00e9charger.<\/li>\n\n\n\n<li class=\"has-superbfont-xsmall-font-size\"><strong>L\u2019exp\u00e9rience et le regard artistique<\/strong>, d\u00e9velopp\u00e9s au fil des ann\u00e9es, pour capter l\u2019instant juste, le bon cadrage.<\/li>\n\n\n\n<li class=\"has-superbfont-xsmall-font-size\"><strong>Le mat\u00e9riel<\/strong> professionnel (bo\u00eetiers, objectifs, cartes, batteries\u2026), entretenu, renouvel\u00e9 et transport\u00e9 avec soin.<\/li>\n\n\n\n<li class=\"has-superbfont-xsmall-font-size\"><strong>Les formations continues<\/strong>, parce que on ne cesse d\u2019apprendre pour affiner notre pratique.<\/li>\n\n\n\n<li class=\"has-superbfont-xsmall-font-size\"><strong>La gestion des \u00e9changes<\/strong>, du devis au mail de livraison, en passant par la pr\u00e9paration de la s\u00e9ance.<\/li>\n\n\n\n<li class=\"has-superbfont-xsmall-font-size\"><strong>Les charges<\/strong>, taxes, logiciels, assurances\u2026, souvent invisibles, mais bien pr\u00e9sentes dans l\u2019activit\u00e9 d\u2019un photographe professionnel.<\/li>\n<\/ul>\n<\/div>\n<\/div>\n\n\n\n<p><\/p>\n\n\n\n<figure class=\"wp-block-gallery has-nested-images columns-default is-cropped wp-block-gallery-1 is-layout-flex wp-block-gallery-is-layout-flex\">\n<figure class=\"wp-block-image size-large\"><img loading=\"lazy\" decoding=\"async\" width=\"1024\" height=\"683\" data-id=\"963\" src=\"https:\/\/mariehebbelynckphotographie.com\/wp-content\/uploads\/2025\/07\/IMG_0215-1024x683.jpeg\" alt=\"\" class=\"wp-image-963\" srcset=\"https:\/\/mariehebbelynckphotographie.com\/wp-content\/uploads\/2025\/07\/IMG_0215-1024x683.jpeg 1024w, https:\/\/mariehebbelynckphotographie.com\/wp-content\/uploads\/2025\/07\/IMG_0215-300x200.jpeg 300w, https:\/\/mariehebbelynckphotographie.com\/wp-content\/uploads\/2025\/07\/IMG_0215-768x512.jpeg 768w, https:\/\/mariehebbelynckphotographie.com\/wp-content\/uploads\/2025\/07\/IMG_0215-1536x1024.jpeg 1536w, https:\/\/mariehebbelynckphotographie.com\/wp-content\/uploads\/2025\/07\/IMG_0215-2048x1365.jpeg 2048w\" sizes=\"(max-width: 1024px) 100vw, 1024px\" \/><\/figure>\n\n\n\n<figure class=\"wp-block-image size-large\"><img loading=\"lazy\" decoding=\"async\" width=\"1024\" height=\"683\" data-id=\"821\" src=\"https:\/\/mariehebbelynckphotographie.com\/wp-content\/uploads\/2025\/07\/IMG_9477-1024x683.jpeg\" alt=\"\" class=\"wp-image-821\" srcset=\"https:\/\/mariehebbelynckphotographie.com\/wp-content\/uploads\/2025\/07\/IMG_9477-1024x683.jpeg 1024w, https:\/\/mariehebbelynckphotographie.com\/wp-content\/uploads\/2025\/07\/IMG_9477-300x200.jpeg 300w, https:\/\/mariehebbelynckphotographie.com\/wp-content\/uploads\/2025\/07\/IMG_9477-768x512.jpeg 768w, https:\/\/mariehebbelynckphotographie.com\/wp-content\/uploads\/2025\/07\/IMG_9477.jpeg 1188w\" sizes=\"(max-width: 1024px) 100vw, 1024px\" \/><\/figure>\n\n\n\n<figure class=\"wp-block-image size-large\"><img loading=\"lazy\" decoding=\"async\" width=\"1024\" height=\"683\" data-id=\"816\" src=\"https:\/\/mariehebbelynckphotographie.com\/wp-content\/uploads\/2025\/07\/IMG_9655-1024x683.jpeg\" alt=\"\" class=\"wp-image-816\" srcset=\"https:\/\/mariehebbelynckphotographie.com\/wp-content\/uploads\/2025\/07\/IMG_9655-1024x683.jpeg 1024w, https:\/\/mariehebbelynckphotographie.com\/wp-content\/uploads\/2025\/07\/IMG_9655-300x200.jpeg 300w, https:\/\/mariehebbelynckphotographie.com\/wp-content\/uploads\/2025\/07\/IMG_9655-768x512.jpeg 768w, https:\/\/mariehebbelynckphotographie.com\/wp-content\/uploads\/2025\/07\/IMG_9655-1536x1024.jpeg 1536w, https:\/\/mariehebbelynckphotographie.com\/wp-content\/uploads\/2025\/07\/IMG_9655-2048x1365.jpeg 2048w\" sizes=\"(max-width: 1024px) 100vw, 1024px\" \/><\/figure>\n\n\n\n<figure class=\"wp-block-image size-large\"><img loading=\"lazy\" decoding=\"async\" width=\"1024\" height=\"683\" data-id=\"808\" src=\"https:\/\/mariehebbelynckphotographie.com\/wp-content\/uploads\/2025\/07\/IMG_4522-1024x683.jpeg\" alt=\"\" class=\"wp-image-808\" srcset=\"https:\/\/mariehebbelynckphotographie.com\/wp-content\/uploads\/2025\/07\/IMG_4522-1024x683.jpeg 1024w, https:\/\/mariehebbelynckphotographie.com\/wp-content\/uploads\/2025\/07\/IMG_4522-300x200.jpeg 300w, https:\/\/mariehebbelynckphotographie.com\/wp-content\/uploads\/2025\/07\/IMG_4522-768x512.jpeg 768w, https:\/\/mariehebbelynckphotographie.com\/wp-content\/uploads\/2025\/07\/IMG_4522-1536x1024.jpeg 1536w, https:\/\/mariehebbelynckphotographie.com\/wp-content\/uploads\/2025\/07\/IMG_4522-2048x1365.jpeg 2048w\" sizes=\"(max-width: 1024px) 100vw, 1024px\" \/><\/figure>\n\n\n\n<figure class=\"wp-block-image size-large\"><img loading=\"lazy\" decoding=\"async\" width=\"1024\" height=\"683\" data-id=\"757\" src=\"https:\/\/mariehebbelynckphotographie.com\/wp-content\/uploads\/2024\/02\/IMG_0543-1024x683.jpeg\" alt=\"\" class=\"wp-image-757\" srcset=\"https:\/\/mariehebbelynckphotographie.com\/wp-content\/uploads\/2024\/02\/IMG_0543-1024x683.jpeg 1024w, https:\/\/mariehebbelynckphotographie.com\/wp-content\/uploads\/2024\/02\/IMG_0543-300x200.jpeg 300w, https:\/\/mariehebbelynckphotographie.com\/wp-content\/uploads\/2024\/02\/IMG_0543-768x512.jpeg 768w, https:\/\/mariehebbelynckphotographie.com\/wp-content\/uploads\/2024\/02\/IMG_0543-1536x1024.jpeg 1536w, https:\/\/mariehebbelynckphotographie.com\/wp-content\/uploads\/2024\/02\/IMG_0543-2048x1365.jpeg 2048w\" sizes=\"(max-width: 1024px) 100vw, 1024px\" \/><\/figure>\n<\/figure>\n","protected":false},"excerpt":{"rendered":"<p>A vous de choisir Des besoins particuliers ou un projet atypique? N\u2019h\u00e9sitez pas \u00e0 me contacter, nous pouvons imaginer une formule sur mesure. Essentiel150\u20ac 25 photos HD retouch\u00e9es incluses \u23f1\ufe0f 1 heure sur place\ud83d\udcf7 S\u00e9lection de 25 photos livr\u00e9es Reportage + 290 \u20ac 50 photos HD retouch\u00e9es incluses \u23f1\ufe0f 2 heures sur place\ud83d\udcf7 S\u00e9lection de [&hellip;]<\/p>\n","protected":false},"author":1,"featured_media":0,"parent":0,"menu_order":0,"comment_status":"closed","ping_status":"closed","template":"","meta":{"om_disable_all_campaigns":false,"_monsterinsights_skip_tracking":false,"_monsterinsights_sitenote_active":false,"_monsterinsights_sitenote_note":"","_monsterinsights_sitenote_category":0,"footnotes":""},"aioseo_notices":[],"_links":{"self":[{"href":"https:\/\/mariehebbelynckphotographie.com\/index.php\/wp-json\/wp\/v2\/pages\/1092"}],"collection":[{"href":"https:\/\/mariehebbelynckphotographie.com\/index.php\/wp-json\/wp\/v2\/pages"}],"about":[{"href":"https:\/\/mariehebbelynckphotographie.com\/index.php\/wp-json\/wp\/v2\/types\/page"}],"author":[{"embeddable":true,"href":"https:\/\/mariehebbelynckphotographie.com\/index.php\/wp-json\/wp\/v2\/users\/1"}],"replies":[{"embeddable":true,"href":"https:\/\/mariehebbelynckphotographie.com\/index.php\/wp-json\/wp\/v2\/comments?post=1092"}],"version-history":[{"count":23,"href":"https:\/\/mariehebbelynckphotographie.com\/index.php\/wp-json\/wp\/v2\/pages\/1092\/revisions"}],"predecessor-version":[{"id":1136,"href":"https:\/\/mariehebbelynckphotographie.com\/index.php\/wp-json\/wp\/v2\/pages\/1092\/revisions\/1136"}],"wp:attachment":[{"href":"https:\/\/mariehebbelynckphotographie.com\/index.php\/wp-json\/wp\/v2\/media?parent=1092"}],"curies":[{"name":"wp","href":"https:\/\/api.w.org\/{rel}","templated":true}]}}